1110010?
100100000010100001
In base 3, what is 1020210011000 - -20022?
1020210101022
In base 3, what is 1212102101212 + -211012?
1212101120200
In base 8, what is -10 - 430432761?
-430432771
In base 2, what is 11111110001001011011110 - -1?
11111110001001011011111
In base 11, what is -1a8171 - 0?
-1a8171
In base 12, what is -140544 + 19?
-140527
In base 4, what is -1 - 3021301010022?
-3021301010023
In base 11, what is 6a5 + 4983?
5578
In base 12, what is -a47b + 770?
-990b
In base 12, what is -30252 - -66a?
-2b7a4
In base 7, what is 1546004 + 124?
1546131
In base 2, what is 111 - 11101010000100?
-11101001111101
In base 5, what is -2001 - -142221324?
142214323
In base 16, what is -5ae899 + -2?
-5ae89b
In base 6, what is 5431 + -4411554?
-4402123
In base 14, what is -29a7 + -75c?
-3325
In base 13, what is -94 + 11352?
1128b
In base 11, what is -138064 - -290?
-137884
In base 5, what is 2204024134043 - 3?
2204024134040
In base 8, what is -3 + -21164263?
-21164266
In base 12, what is -184555 + 3b?
-184516
In base 15, what is 10 - -3c29?
3c39
In base 9, what is -50041 + 1033?
-48007
In base 10, what is 5 - 806422?
-806417
In base 16, what is 18267b + 14?
18268f
In base 8, what is 334315 + 11015?
345332
In base 7, what is 16120 + -46645?
-30525
In base 2, what is 10111011100011001110111 + 111?
10111011100011001111110
In base 15, what is -30e6 - -282?
-2d64
In base 2, what is 11010110001010110011110 + 100?
11010110001010110100010
In base 2, what is -101010101 + 100111000000000?
100110010101011
In base 15, what is c7014 - -199?
c71ad
In base 2, what is -1001100110001110000 + 11111000?
-1001100101101111000
In base 14, what is -1 + 5c048b?
5c048a
In base 8, what is 107 + -1375?
-1266
In base 14, what is -82a52 + -12?
-82a64
In base 7, what is 2 - -141122616?
141122621
In base 3, what is 21120 + 211222120100?
211222211220
In base 8, what is -2 + 127266314?
127266312
In base 5, what is -20231343212 + -1?
-20231343213
In base 9, what is 1871307137 - 4?
1871307133
In base 12, what is -a999ba4 + -4?
-a999ba8
In base 9, what is 215068145 - 5?
215068140
In base 10, what is -40 - 1222455?
-1222495
In base 3, what is -2200120102 - -111201012?
-2011212020
In base 12, what is -1620b - 2a5?
-164b4
In base 4, what is 10322 - -13201312?
13212300
In base 11, what is 426353a4 - -1?
426353a5
In base 4, what is -1213202113303 - -1?
-1213202113302
In base 10, what is 930 + 430055?
430985
In base 11, what is -2053 + -17467?
-1950a
In base 13, what is 3280b95 - 0?
3280b95
In base 10, what is 13082 - 1375?
11707
In base 4, what is 33320220113 - 11?
33320220102
In base 14, what is 477 - 1b522?
-1b089
In base 12, what is -28341 - -1b9?
-28144
In base 4, what is -33212 - 231003102?
-231102320
In base 3, what is 12 - -11212220022121111?
11212220022121200
In base 7, what is -34651433 - -5?
-34651425
In base 3, what is 0 + 2022212221022001?
2022212221022001
In base 9, what is 111728 + 114?
111843
In base 16, what is -c37d - -be?
-c2bf
In base 6, what is -15 + -25242?
-25301
In base 2, what is -100 - -1000100011001110111010?
1000100011001110110110
In base 6, what is 4455505 + 223?
4500132
In base 12, what is 4 - 7667b82?
-7667b7a
In base 8, what is 3700344 + -253?
3700071
In base 8, what is -232 - -121312?
121060
In base 16, what is -4 + -162a966?
-162a96a
In base 8, what is 342524315 + -1?
342524314
In base 13, what is 0 + 1289c21a?
1289c21a
In base 5, what is 23031221 - 22?
23031144
In base 13, what is 18 + 64437?
64452
In base 11, what is a6 + -147389?
-147293
In base 7, what is -334610253 + -34?
-334610320
In base 5, what is 10 - 10440400433?
-10440400423
In base 13, what is -402b61 + -3?
-402b64
In base 15, what is -4 - -1bc7b3?
1bc7ae
In base 2, what is -10100 + -10101111011010001100000?
-10101111011010001110100
In base 14, what is -1635c3 - 10?
-1635d3
In base 9, what is -750 + 65185?
64335
In base 15, what is -203204 - 105?
-203309
In base 15, what is -28120 + -1c8?
-282e8
In base 12, what is -116489 - -266?
-116223
In base 3, what is 1002110101110 - 11?
1002110101022
In base 8, what is -165576717 + 2?
-165576715
In base 9, what is 30831 - -436?
31367
In base 10, what is -21021 - -22959?
1938
In base 12, what is 20729 - 76?
20673
In base 14, what is -21 + 75279?
75258
In base 2, what is -10001110110100001001 + -1110?
-10001110110100010111
In base 10, what is -783 - 54663?
-55446
In base 5, what is -123123323 - -31?
-123123242
In base 10, what is -182 - 483604?
-483786
In base 2, what is 100100110000111011000011111 + -11?
100100110000111011000011100
In base 9, what is -2 + 40746783?
40746781
In base 2, what is -1100001110111011111100000 - 11010?
-1100001110111011111111010
In base 14, what is -d40 + -b424?
-c364
In base 5, what is 41331341 + -4?
41331332
In base 10, what is -5 - 28100024?
-28100029
In base 8, what is 14535 - -6661?
23416
In base 3, what is -10 - -110101220220?
110101220210
In base 7, what is -13130 - -13111?
-16
In base 7, what is 252216 + -123?
252063
In base 12, what is 1a3 - 49a3?
-4800
In base 7, what is 2 + 1036143261?
1036143263
In base 7, what is -2113236 + -143?
-2113412
In base 11, what is 297 + 18839?
19025
In base 14, what is -24016a - 18?
-240184
In base 16, what is 15328 + -298?
15090
In base 11, what is 2 + 8424077a?
84240781
In base 13, what is -3 + -32b423?
-32b426
In base 3, what is -10021 - 11122020012?
-11122100110
In base 11, what is 8a56602 - 9?
8a565a4
In base 9, what is -6572700 + 130?
-6572560
In base 9, what is 4772 + 33085?
37867
In base 2, what is -111101001100111000100 + -101011?
-111101001100111101111
In base 12, what is -ab30 + 13039?
4109
In base 7, what is 11561620 + -4?
11561613
In base 10, what is -1 - -148664228?
148664227
In base 9, what is -105726 + -65?
-105802
In base 11, what is 21 + 9000939?
900095a
In base 9, what is 2 + 13144483?
13144485
In base 15, what is 2 - -1947736?
1947738
In base 15, what is 6b26568 - -5?
6b2656d
In base 9, what is -486528 + 4302?
-482226
In base 2, what is 10000010100 + 101011001100001?
101101001110101
In base 15, what is 2a76 - 18a9?
11bc
In base 5, what is 140041041 + -1324?
140034212
In base 3, what is 0 - 221121001220022?
-221121001220022
In base 2, what is 1001 + -100100001010000110101110110?
-100100001010000110101101101
In base 11, what is -1 + -6a46846?
-6a46847
In base 16, what is -11 - 7a525?
-7a536
In base 6, what is -5 + 552235150?
552235141
In base 10, what is 46388710 - 1?
46388709
In base 11, what is 2652 + 22a22?
25574
In base 14, what is 275 + -17b40?
-178a9
In base 7, what is 20046421 - -21?
20046442
In base 12, what is -2ba + -10434b?
-104649
In base 7, what is -2046 - 1621350?
-1623426
In base 5, what is -444020433431 - -3?
-444020433423
In base 5, what is 14344 - 1342003?
-1322104
In base 2, what is 10100101100001001110 - 100?
10100101100001001010
In base 6, what is 4233042 + 241?
4233323
In base 11, what is 84305039 - -1?
8430503a
In base 16, what is -4 - -12ef34?
12ef30
In base 9, what is 10617032 - -25?
10617057
In base 4, what is 20120212110 - -11?
20120212121
In base 7, what is 4 + -24222456?
-24222452
In base 6, what is -52005512 - 124?
-52010040
In base 16, what is -1 + 6e17ecc?
6e17ecb
In base 13, what is 73c6 + 37c8?
abc1
In base 4, what is -103201312221 - -1?
-103201312220
In base 5, what is -13240 - -32243120?
32224330
In base 7, what is 1 + 465461022?
465461023
In base 4, what is 2 - 101110212?
-101110210
In base 8, what is -546 - 733570?
-734336
In base 5, what is 141333311 - -4434?
141343300
In base 6, what is -2 - 50244355?
-50244401
In base 13, what is -3 + -1c71933?
-1c71936
In base 16, what is 6e6e - -d7d?
7beb
In base 11, what is 198 - -30811?
309a9
In base 8, what is -56324114 + -3?
-56324117
In base 5, what is 1233434 - 1003?
1232431
In base 15, what is -c + ed00ae?
ed00a2
In base 8, what is 460526 - -101?
460627
In base 11, what is 634a - 15533?
-a194
In base 2, what is -111011010000110110101 - -101101?
-111011010000110001000
In base 4, what is 3 - 330032223?
-330032220
In base 5, what is -202120 + 14300?
-132320
In base 8, what is -35210 + 24541?
-10447
In base 2, what is -11010101000100 + -11101001101?
-11110010010001
In base 9, what is -34 + -24271007?
-24271042
In base 7, what is -1622441 - -2521?
-1616620
In base 14, what is -3 + abc7a?
abc77